{"id":4,"date":"2011-03-11T15:47:08","date_gmt":"2011-03-11T14:47:08","guid":{"rendered":"http:\/\/www.ostroleka.com.pl\/pzw-narew38\/?page_id=4"},"modified":"2025-10-30T18:20:10","modified_gmt":"2025-10-30T17:20:10","slug":"zarzad","status":"publish","type":"page","link":"https:\/\/www.pzwnarew.pl\/?page_id=4","title":{"rendered":"Zarz\u0105d"},"content":{"rendered":"<p style=\"text-align: center;\"><strong>ZARZ\u0104D\u00a0 KO\u0141A\u00a0 &#8222;NAREW&#8221;\u00a0 (2025-2029)<\/strong><\/p>\n<p>\u200b<\/p>\n<p>\u200b<strong>Andrzej Raszkiewicz<\/strong> &#8211; Prezes Zarz\u0105du<\/p>\n<p><strong>Rafa\u0142 Wojtkowiak<\/strong> &#8211; Wiceprezes Zarz\u0105du<\/p>\n<p><strong>Wojciech Wieprzowski <\/strong>\u00a0&#8211; Gospodarz<\/p>\n<p><strong>Zdzis\u0142aw Sienicki <\/strong>&#8211; Skarbnik<\/p>\n<p><strong>Adam Balcerak <\/strong>&#8211; Sekretarz<\/p>\n<p><strong>Tomasz Zi\u0119ba <\/strong>&#8211;\u00a0Rzecznik Dyscyplinarny<\/p>\n<p><strong>Jaros\u0142aw Mierzejewski <\/strong>&#8211; Cz\u0142onek Zarz\u0105du<\/p>\n<p><strong>Pawe\u0142 Bazyd\u0142o<\/strong> &#8211; Cz\u0142onek Zarz\u0105du<\/p>\n<p><strong>Wojciech Krupka\u00a0<\/strong>&#8211;<strong>\u00a0\u00a0<\/strong>Cz\u0142onek Zarz\u0105du<\/p>\n<p><strong>Marcin Kobus <\/strong>&#8211;<strong>\u00a0\u00a0<\/strong>Cz\u0142onek Zarz\u0105du<\/p>\n<p><strong>Roman Balcerak <\/strong>&#8211;<strong>\u00a0\u00a0<\/strong>Cz\u0142onek Zarz\u0105du<\/p>\n<p><strong>Andrzej Grzyb <\/strong>&#8211;<strong>\u00a0\u00a0<\/strong>Cz\u0142onek Zarz\u0105du<\/p>\n<p><!--more--><\/p>\n<p><span style=\"color: #ff0000;\"><strong>KOMISJA REWIZYJNA<\/strong><\/span><\/p>\n<p><strong>Andrzeja Ho\u0142dy\u0144ski <\/strong>&#8211; Przewodnicz\u0105cy KR<\/p>\n<p><strong>Leszek Kabacik <\/strong>&#8211; Wiceprzewodnicz\u0105cy KR<\/p>\n<p><strong>Andrzej Za\u0142\u0119ski <\/strong>&#8211; Sekretarz KR<\/p>\n<p><span style=\"color: #ff0000;\"><strong>S\u0104D KOLE\u017bE\u0143SKI\u00a0<\/strong><\/span><\/p>\n<p><strong>Jarz\u0105bek Wojciech &#8211;<\/strong> Przewodnicz\u0105cy SK<\/p>\n<p><strong>Gumkowski Janusz<\/strong><\/p>\n<p><strong>Gwiazdowski Robert<\/strong><\/p>\n<p><strong>Sikora Arkadiusz<\/strong><\/p>\n<p><strong>Terlikowski Piotr<\/strong><\/p>\n<p><span style=\"color: #ff0000;\"><b>Delegatami\u00a0 na zjazd Okr\u0119gu Mazowieckiego PZW z ramienia Ko\u0142a Narew s\u0105:<\/b><\/span><\/p>\n<p><span style=\"color: #000000;\"><b>Andrzej \u00a0 Raszkiewicz<\/b><\/span><\/p>\n<p><span style=\"color: #000000;\"><b><\/b><b>Rafa\u0142 Wojtkowiak <\/b><b>\u00a0 <\/b><\/span><\/p>\n<p><span style=\"color: #ff0000;\"><strong>Zast\u0119pcy Delegat\u00f3w na zjazd Okr\u0119gu Mazowieckiego PZW z ramienia Ko\u0142a Narew s\u0105:\u00a0<\/strong><\/span><\/p>\n<p><span style=\"color: #000000;\"><strong>\u00a0<\/strong><strong>Za\u0142\u0119ski Andrzej<\/strong><\/span><\/p>\n","protected":false},"excerpt":{"rendered":"<p>ZARZ\u0104D\u00a0 KO\u0141A\u00a0 &#8222;NAREW&#8221;\u00a0 (2025-2029) \u200b \u200bAndrzej Raszkiewicz &#8211; Prezes Zarz\u0105du Rafa\u0142 Wojtkowiak &#8211; Wiceprezes Zarz\u0105du Wojciech Wieprzowski \u00a0&#8211; Gospodarz Zdzis\u0142aw Sienicki &#8211; Skarbnik Adam Balcerak &#8211; Sekretarz Tomasz Zi\u0119ba &#8211;\u00a0Rzecznik Dyscyplinarny Jaros\u0142aw Mierzejewski &#8211; Cz\u0142onek Zarz\u0105du Pawe\u0142 Bazyd\u0142o &#8211; Cz\u0142onek Zarz\u0105du Wojciech Krupka\u00a0&#8211;\u00a0\u00a0Cz\u0142onek Zarz\u0105du Marcin Kobus &#8211;\u00a0\u00a0Cz\u0142onek Zarz\u0105du Roman Balcerak &#8211;\u00a0\u00a0Cz\u0142onek Zarz\u0105du Andrzej Grzyb &#8211;\u00a0\u00a0Cz\u0142onek Zarz\u0105du<\/p>\n","protected":false},"author":1,"featured_media":0,"parent":0,"menu_order":4,"comment_status":"closed","ping_status":"closed","template":"","meta":{"footnotes":""},"class_list":["post-4","page","type-page","status-publish","hentry"],"_links":{"self":[{"href":"https:\/\/www.pzwnarew.pl\/index.php?rest_route=\/wp\/v2\/pages\/4","targetHints":{"allow":["GET"]}}],"collection":[{"href":"https:\/\/www.pzwnarew.pl\/index.php?rest_route=\/wp\/v2\/pages"}],"about":[{"href":"https:\/\/www.pzwnarew.pl\/index.php?rest_route=\/wp\/v2\/types\/page"}],"author":[{"embeddable":true,"href":"https:\/\/www.pzwnarew.pl\/index.php?rest_route=\/wp\/v2\/users\/1"}],"replies":[{"embeddable":true,"href":"https:\/\/www.pzwnarew.pl\/index.php?rest_route=%2Fwp%2Fv2%2Fcomments&post=4"}],"version-history":[{"count":234,"href":"https:\/\/www.pzwnarew.pl\/index.php?rest_route=\/wp\/v2\/pages\/4\/revisions"}],"predecessor-version":[{"id":10424,"href":"https:\/\/www.pzwnarew.pl\/index.php?rest_route=\/wp\/v2\/pages\/4\/revisions\/10424"}],"wp:attachment":[{"href":"https:\/\/www.pzwnarew.pl\/index.php?rest_route=%2Fwp%2Fv2%2Fmedia&parent=4"}],"curies":[{"name":"wp","href":"https:\/\/api.w.org\/{rel}","templated":true}]}}

Zarząd

<p style="text-align: center;"><strong>ZARZĄD  KOŁA  &#8222;NAREW&#8221;  (2025-2029)</strong></p>
<p>​</p>
<p>​<strong>Andrzej Raszkiewicz</strong> &#8211; Prezes Zarządu</p>
<p><strong>Rafał Wojtkowiak</strong> &#8211; Wiceprezes Zarządu</p>
<p><strong>Wojciech Wieprzowski </strong> &#8211; Gospodarz</p>
<p><strong>Zdzisław Sienicki </strong>&#8211; Skarbnik</p>
<p><strong>Adam Balcerak </strong>&#8211; Sekretarz</p>
<p><strong>Tomasz Zięba </strong>&#8211; Rzecznik Dyscyplinarny</p>
<p><strong>Jarosław Mierzejewski </strong>&#8211; Członek Zarządu</p>
<p><strong>Paweł Bazydło</strong> &#8211; Członek Zarządu</p>
<p><strong>Wojciech Krupka </strong>&#8211;<strong>  </strong>Członek Zarządu</p>
<p><strong>Marcin Kobus </strong>&#8211;<strong>  </strong>Członek Zarządu</p>
<p><strong>Roman Balcerak </strong>&#8211;<strong>  </strong>Członek Zarządu</p>
<p><strong>Andrzej Grzyb </strong>&#8211;<strong>  </strong>Członek Zarządu</p>
<p><!--more--></p>
<p><span style="color: #ff0000;"><strong>KOMISJA REWIZYJNA</strong></span></p>
<p><strong>Andrzeja Hołdyński </strong>&#8211; Przewodniczący KR</p>
<p><strong>Leszek Kabacik </strong>&#8211; Wiceprzewodniczący KR</p>
<p><strong>Andrzej Załęski </strong>&#8211; Sekretarz KR</p>
<p><span style="color: #ff0000;"><strong>SĄD KOLEŻEŃSKI </strong></span></p>
<p><strong>Jarząbek Wojciech &#8211;</strong> Przewodniczący SK</p>
<p><strong>Gumkowski Janusz</strong></p>
<p><strong>Gwiazdowski Robert</strong></p>
<p><strong>Sikora Arkadiusz</strong></p>
<p><strong>Terlikowski Piotr</strong></p>
<p><span style="color: #ff0000;"><b>Delegatami  na zjazd Okręgu Mazowieckiego PZW z ramienia Koła Narew są:</b></span></p>
<p><span style="color: #000000;"><b>Andrzej   Raszkiewicz</b></span></p>
<p><span style="color: #000000;"><b></b><b>Rafał Wojtkowiak </b><b>  </b></span></p>
<p><span style="color: #ff0000;"><strong>Zastępcy Delegatów na zjazd Okręgu Mazowieckiego PZW z ramienia Koła Narew są: </strong></span></p>
<p><span style="color: #000000;"><strong> </strong><strong>Załęski Andrzej</strong></span></p>

<p>ZARZĄD  KOŁA  &#8222;NAREW&#8221;  (2025-2029) ​ ​Andrzej Raszkiewicz &#8211; Prezes Zarządu Rafał Wojtkowiak &#8211; Wiceprezes Zarządu Wojciech Wieprzowski  &#8211; Gospodarz Zdzisław Sienicki &#8211; Skarbnik Adam Balcerak &#8211; Sekretarz Tomasz Zięba &#8211; Rzecznik Dyscyplinarny Jarosław Mierzejewski &#8211; Członek Zarządu Paweł Bazydło &#8211; Członek Zarządu Wojciech Krupka &#8211;  Członek Zarządu Marcin Kobus &#8211;  Członek Zarządu Roman Balcerak &#8211;  Członek Zarządu Andrzej Grzyb &#8211;  Członek Zarządu</p>
